, a + z + 3*z = 195. What is the tens digit of a?
0
Let d = -75727 - -111067. What is the tens digit of d?
4
Let h(u) = u**3 + 13*u**2 + 7*u - 25. Let j be ((-130)/3)/((-16)/(-24)). Let w = j + 54. What is the units digit of h(w)?
0
What is the tens digit of (-16)/(-10) - (-4 + 2156168/(-70))?
0
Let x(i) be the second derivative of i**4/12 + 3*i**3/2 - 13*i**2/2 + i. Suppose -5*t + 27 = -p, 3*p + 24 = -745*t + 741*t. What is the units digit of x(p)?
3
Suppose -21*d + 70*d = 78204. What is the tens digit of d?
9
Suppose -r + 6*r - 2070 = 0. Suppose 0 = -5*o - 2*g + r, -5*o - 4*g + 254 = -2*o. What is the units digit of o?
2
Suppose 4 = -2*h - 2*s - 0, -5*h - 2*s + 5 = 0. What is the hundreds digit of h/(-15)*-1 - (-16632)/15?
1
Let d be 4*(-3)/(-78) - 8/52. Suppose d = t + 77 - 655. What is the tens digit of t?
7
Suppose 7027 = -5*x - 4*i + 18306, 1 = i. What is the thousands digit of x?
2
Let a = 45522 + -30734. What is the units digit of a?
8
Let y be 2*(0 + (-2)/4). What is the tens digit of y - ((-2)/9 - (-11000)/(-72))?
5
Let q be 18/((-1040)/(-115) + -9). Suppose -q = -a + 3*t, -818 = -35*a + 33*a - 4*t. What is the tens digit of a?
1
Let x(g) = 910*g**2 + 520*g - 4248. What is the tens digit of x(8)?
5
Suppose 6*l = s + 5*l - 15619, -3*l + 46851 = 3*s. What is the thousands digit of s?
5
Let s = -17 - -19. Let u be (s/6)/((-3)/(-27)). What is the tens digit of 452/12*4*u/4?
1
Let l(j) = -j**2 + 8*j - 14. Let y be (1 - -9)*(-9)/(-18). Let c be l(y). Let s(a) = 18*a**2 + 2*a - 2. What is the units digit of s(c)?
8
Let w(d) = -d**3 - 16*d**2 + 4*d - 33. Let i be w(-16). Let h = 97 + i. Suppose 3*r + 2*v - 280 = h, 3*v = -3*r - 93 + 369. What is the tens digit of r?
9
Let o = -29692 - -54803. What is the units digit of o?
1
Let a(t) = 6*t - 64. Let w be a(9). What is the tens digit of (-9700)/(-10) - w/(-2)?
6
Let d = 16924 - 11610. What is the units digit of d?
4
Let t be -574*(-2 + 5/2). Let a = t - -529. Suppose -3*f + 194 = -0*f + 4*j, 4*f - 3*j = a. What is the units digit of f?
2
Suppose -5*h - 2*k + 5580 = -29718, -h + 5*k = -7038. What is the units digit of h?
8
Let m(a) be the third derivative of 79*a**4/24 + 11*a**3/6 + a**2. Let x(l) = l**2 + 35*l - 71. Let b be x(-37). What is the units digit of m(b)?
8
Let r = 501 - 502. Let x = -6 + 4. What is the hundreds digit of (x/3 - r)*798/2?
1
Let t be (-44)/(-6)*4/8*6. Let y(k) = 2*k**2 - 22*k - 62. What is the hundreds digit of y(t)?
4
Suppose 25*q - 22*q - 1164 = 0. Suppose 20 = -d + 5*d, -d = p - q. What is the units digit of p?
3
Suppose 0 = -l - 4*a - a + 174, 0 = -5*a. Suppose -5*d - 5*t = -2*t - 238, -187 = -4*d + t. Let i = l - d. What is the units digit of i?
7
Suppose 4*u - 30706 = 132*g - 130*g, -6*u - 2*g = -46034. What is the tens digit of u?
7
Let d(b) = -3*b + 79. Let h be d(17). Suppose h*t - 31*t + 915 = 0. What is the tens digit of t?
0
Let p(c) = 2100*c - 7. Let h be p(-1). Let k = -1272 - h. What is the tens digit of k?
3
Let l = 95906 - 65566. What is the tens digit of l?
4
Suppose 3*b = 18 - 0. Let i be 2/b - 6/(-54)*-12. What is the tens digit of i + 8/2 + (10 - -18)?
3
What is the thousands digit of 32032 + (-27)/(-36)*-20?
2
Let n(y) = y**3 - 7*y**2 - 4*y - 14. Let m be n(8). Let x be (531/m)/((-1 + 0)/(-2)). Suppose 2*g = -8, 5*g = -2*k + x + 65. What is the tens digit of k?
7
Let l be 4/8*-4*-1. Suppose -5*b + 4*m + 0*m + 526 = 0, -5*m = l*b - 217. What is the hundreds digit of b?
1
Suppose -291*o + 296*o = -2*t + 15333, 0 = -3*t - 3*o + 22986. What is the units digit of t?
9
Suppose n = 3*n + 4*m - 10352, -5*n = -2*m - 25904. Suppose -n = -37*d + 27*d. What is the units digit of d?
8
Suppose 182*x - 2066577 = -97701. What is the thousands digit of x?
0
Suppose 149*a = 133*a + 101024. What is the thousands digit of a?
6
Let k be ((4 - 4)/6)/(2 + -1). Let f(c) = c. Let u be f(1). What is the units digit of u + (k/1 - -2)?
3
Let n = 17 + 43. Let f be n/(-14) - -4 - 47/7. What is the units digit of 2/(-7) - 9/f?
1
Let k = 29 - 17. Suppose -15*y + 17*y - k = 0. What is the tens digit of 96*(-3 + -2 + y)?
9
Let t(a) be the first derivative of 70*a**3/3 - 9*a**2/2 - 12*a + 225. What is the thousands digit of t(-4)?
1
Let a(x) = -5*x**3 + 14*x**2 - 19*x + 25. What is the tens digit of a(-7)?
5
Let g be (-4 + -155 - 6)/(-1). What is the units digit of g - (768/132 + 2/11)?
9
Let r be (-8)/6*(13 - (-2269)/(-4)). Let l = 1323 - r. What is the tens digit of l?
8
Let c(o) be the third derivative of 0 + 0*o - 1/20*o**5 + 1/3*o**3 + 5/24*o**4 - 1/40*o**6 - 11*o**2. What is the units digit of c(-3)?
1
Let s = 331 + -113. Suppose 2*o - 4*f = -220, 2*o + 0*o - 2*f = -s. Let c = -56 - o. What is the units digit of c?
2
Suppose 102*g = 101*g + 51. Let w = 814 + g. What is the tens digit of w?
6
Let o(l) = l**3 - 1. Let p(m) = -8*m**3 + m + 40. Let b(a) = 6*o(a) + p(a). What is the units digit of b(0)?
4
Let s be 120 + 1 + 2 + 2. Suppose 0 = 5*w + s + 140. Let l = 101 + w. What is the tens digit of l?
4
Let x(s) = -16*s + 65. Let y be x(5). What is the hundreds digit of (-10)/y - (-1)/3*3022?
0
Let x(f) = -2*f + 16. Let u be x(7). Suppose u*o - 5*y - 10 = -0, 4*o + y = 42. Let n(i) = -i**2 + 14*i + 3. What is the tens digit of n(o)?
4
Let c be ((-24)/(-20))/(3/(-10)). What is the tens digit of c/18 + 83006/198?
1
Let s be 1 + 9 - ((-1 - -4) + -4). Suppose -s*m + 8*m + 18 = 0. Suppose -m*j + 456 = 2*j. What is the units digit of j?
7
Let i(f) = 165*f**2 - 301*f - 2446. What is the ten thousands digit of i(-8)?
1
Let q(m) = -m**3 + 7*m**2 + 7*m - 2. Let i be q(6). Suppose 21*n + 1450 = -3*n - 110. Let f = i + n. What is the tens digit of f?
1
Let s = -448 + 697. Let h be (s/9)/(56/(-18) - -3). What is the tens digit of h/(-3) - (-6)/3?
8
Let y be ((-1)/(-3))/((-5)/(-30)) - -1. Let f(m) be the third derivative of m**6/120 - m**5/20 + m**4/8 + m**3/6 + 4*m**2. What is the tens digit of f(y)?
1
Let x = -99 + 101. Let n be (-1)/(x/3)*40/(-6). Suppose -184 + n = -g + k, 3*g - 514 = -k. What is the tens digit of g?
7
Let a(p) = 22*p**2 + p - 3. Let c be a(-3). Let i = 137 - 260. Let s = i + c. What is the tens digit of s?
6
Let x be 3*4*(-1)/2. Let c(f) be the second derivative of f**4/4 + 2*f**3/3 - 13*f**2/2 - 387*f. What is the tens digit of c(x)?
7
Let t(y) = 5*y**2 + 14*y - 2. Let x be t(3). What is the hundreds digit of x/((15/9)/5)?
2
What is the thousands digit of (-3741879)/(-133) + 10 + (-6)/14?
8
Let i(u) = 3*u**2 - 20*u - 2. Let f be i(7). Suppose 366 = -f*g - 5*d + 2231, 0 = 3*d - 9. What is the tens digit of g?
7
Let j = -241 + 253. Suppose -18*l + 2106 = -j*l. What is the units digit of l?
1
Let j = 14 - 12. Suppose -6*u - j = -14. What is the hundreds digit of 18/u*(2 - 15)*-1?
1
Let l(f) = -f**3 + f**2 + 3*f - 3. Let x be l(-2). Suppose -h = -x*h. Suppose h = -9*w + 16*w - 1218. What is the tens digit of w?
7
Let c(h) = -1021*h + 19. Let v be c(1). Let m = 1813 + v. What is the hundreds digit of m?
8
Suppose 0 = -3*j + 2*c + 102, 5*j = -3*c + 1 + 188. Let g(y) = y**3 - 37*y**2 + 39*y - 66. What is the units digit of g(j)?
2
Let q(b) = -3*b - 21. Let i be q(-7). Suppose i = 4*y - 0*y - 1204. What is the hundreds digit of y?
3
What is the hundreds digit of (-316)/2054 - (-59269)/13?
5
Let i = 12971 - -38126. What is the units digit of i?
7
Suppose -1178145 = -92*c + 2450059. What is the hundreds digit of c?
4
Let a = -55 + 623. Suppose 4*b - d - 483 = 651, -2*b = -d - a. What is the tens digit of b?
8
Let v = 106490 - 72891. What is the ten thousands digit of v?
3
What is the tens digit of 4/18 + 3532600/765?
1
Let n(d) = d**2 + 12*d + 4. Let h be n(-12). Let z(r) = 2*r - 2*r**2 - h + 2*r - 1 + 3*r**2. What is the tens digit of z(-9)?
4
What is the ten thousands digit of ((-20)/15)/((-205755)/205749 + 1)?
4
Let x be (18/(-3))/((-10)/(-5)). Let u be (2 - (-5 - x))*2. Suppose 150 = -6*p + u*p. What is the tens digit of p?
7
Suppose 3*a + 10 = r - 4, 0 = 9*r - 5*a - 38. Let i = -2 - 4. What is the units digit of (r/i)/(5/(-780))?
2
Suppose 4*a - 88 = -i - 27, -3*i = 5*a - 85. Suppose -12*w + a*w - 1060 = 0. What is the tens digit of w?
3
Suppose -g + 404 = 2*r, -11 = -5*r + 14. What is the tens digit of (198/(-27) - -8) + g/3?
3
What is the units digit of (0 - -13) + 151